s the remainder when 1 + (b + 1)/(-1) is divided by (-1*1)/(5/(-10))?
0
Let n(l) = 3*l - 4. Let x be n(4). Let t = 6 + 31. Calculate the remainder when t is divided by 12 - 1 - x/(-4).
11
Let h = -2 - -5. Let w(r) = 3*r - 3. Calculate the remainder when w(h) is divided by (4/10)/(1/10).
2
Suppose -5*b + 5*d + 97 = 3*d, 41 = 2*b - 3*d. Calculate the remainder when 45 is divided by b.
7
Let h be 0/(2*-1 + 4). Let d = 2 + h. Suppose 0*b + d = -2*b, -5*g + 72 = -2*b. What is the remainder when 26 is divided by g?
12
Let q(i) = -i**2 + 13. Calculate the remainder when 156/4 + -2 + 1 is divided by q(0).
12
Let q(b) = -b**3 - 6*b**2 - 6*b + 1. What is the remainder when 16 is divided by q(-5)?
4
Let l be (-9)/(1*(-3)/2). Calculate the remainder when (-345)/(-7) + l/(-21) is divided by 26.
23
Let t = -8 - -14. What is the remainder when (-204)/(-8) + t/4 is divided by 10?
7
Let u = 519 + -502. Suppose -5*h = 2*n - 415, 0*h - n = 2*h - 166. Calculate the remainder when h is divided by u.
15
Suppose -2 = m + 1. Let s = m + 31. Calculate the remainder when s is divided by 10.
8
Suppose 0 = -5*w - 3*a + 227, -2*a = 5*w - a - 229. Calculate the remainder when w is divided by 12.
10
Suppose -4*w - d = 86, -w - 52 = w + 5*d. Let n = w + 41. Calculate the remainder when 37 is divided by n.
17
Let z = 8 - 1. Let h(k) = 5*k - 12. Calculate the remainder when 90 is divided by h(z).
21
Let t = 65 + -55. What is the remainder when 14 is divided by t?
4
Suppose 0*x + 4*o - 36 = -4*x, -5*x + o + 15 = 0. Suppose -k + 6 = -2*q - 2, 3*k = x*q + 24. What is the remainder when 23 is divided by k?
7
Suppose 0 = 4*f - 17 - 63. What is the remainder when f is divided by 7?
6
Let n = 64 - 19. Let z = -21 + n. What is the remainder when z is divided by 13?
11
Suppose -2*q + 5*l = -20 - 2, -5*q - 2*l - 3 = 0. Let c = 5 + -3. What is the remainder when c is divided by q?
0
Let y(u) = -u + 1. Calculate the remainder when 14 is divided by y(-4).
4
Let w(m) = 7*m + 3. Calculate the remainder when w(4) is divided by 8.
7
Let u = 50 + -34. Calculate the remainder when 29 is divided by u.
13
What is the remainder when (-7)/(-105)*(0 + 6)*140 is divided by 16?
8
Suppose -5*q = -3*t + 14, -5*t = 2*q - 7 - 6. Suppose 3*f + 3*k = k + 17, f + t*k = 8. What is the remainder when 13 is divided by f?
3
Calculate the remainder when 4 is divided by -5 + (-93)/(-13) + 2/(-13).
0
Let m = 30 - 2. Let g = m + -15. Calculate the remainder when 38 is divided by g.
12
Suppose o - 9 = -7. What is the remainder when 7 is divided by o?
1
Let u = 155 + -134. Calculate the remainder when 60 is divided by u.
18
Let q = -1 - -2. Suppose z + 2*v = 1 + q, z = 2*v - 10. Let o = z - -15. Calculate the remainder when 21 is divided by o.
10
Let m(x) = 3*x**2 + 3*x + 3. Calculate the remainder when 23 is divided by m(-2).
5
Let x(d) = -d + 3. Calculate the remainder when x(-6) is divided by 3.
0
Let b(i) = i**3 + 7*i**2 + 2*i - 1. What is the remainder when b(-6) is divided by 14?
9
Let u(h) = h**2 - 6*h. Let d be u(6). Suppose d = -0*q + 2*q - 20. Suppose 3*k + 2*k - 95 = 0. What is the remainder when k is divided by q?
9
Let f = 0 - 0. Suppose 2 = z + z, 0 = -5*l + 4*z + 76. What is the remainder when (-1 + f)*(-46 - 0) is divided by l?
14
Let k = -14 - -35. Calculate the remainder when k is divided by 8.
5
Calculate the remainder when 38 is divided by (-1 + -2 + 1)*-5.
8
Suppose -4*b - 110 = -2*r, 289 = 4*r + r + 4*b. What is the remainder when 111 is divided by r?
54
Let y be (15/10)/((-3)/(-6)). Suppose y*a = -0*a + 42. Calculate the remainder when 26 is divided by a.
12
Suppose -4*u + 280 = 2*v, -5*v + 79 = u - 0*u. Calculate the remainder when u is divided by 10.
9
Let w = -4 + 7. Suppose j = w*j - 58. What is the remainder when j is divided by (-1)/((-92)/30 + 3)?
14
Let x(t) = t**2 - t - 6. Calculate the remainder when 11 is divided by x(4).
5
Let q = 6 + -2. Suppose -2*c - a = -25, -q*a + 0*a - 40 = -2*c. What is the remainder when c is divided by 8?
6
Suppose 112 = 5*g + 2*g. Calculate the remainder when g is divided by 27/(-6)*(-4)/3.
4
Let l = 145 + -100. Suppose -3*d = 2*d + 4*c - 96, 5*c - 100 = -5*d. What is the remainder when l is divided by d?
13
Let p = -49 - -133. Calculate the remainder when p is divided by 18.
12
Let i(h) = h + 2. Let t be i(0). Suppose -4*j - f + 694 = -4*f, t*j + 5*f = 360. Suppose 6*o = o + j. What is the remainder when o is divided by 12?
11
Let l = 109 - 92. Calculate the remainder when 67 is divided by l.
16
Let k(g) = 9*g**2 - 8*g - 1. Calculate the remainder when k(3) is divided by 29.
27
Suppose 0 = p - 0*p - 3. Let v = 5 - 2. What is the remainder when v is divided by p?
0
Let q = -6 - -15. Calculate the remainder when q is divided by 2/11 - 212/(-44).
4
Let o(x) = 3*x + 53. Calculate the remainder when 45 is divided by o(-15).
5
Let x(b) = -b**2 - 7*b + 5. Let a be x(-7). Let z = 308 + -13. Suppose 0*s = -a*s + z. Calculate the remainder when s is divided by 20.
19
Let z(a) = a**3 - 6*a**2 + 5*a + 2. What is the remainder when 5 is divided by z(5)?
1
Let l(m) = 10*m + 2. Let g be l(3). Let z = g + -10. Calculate the remainder when z is divided by (1 - 1) + 8/1.
6
What is the remainder when 2 + 4 + (2 - -1) is divided by 7?
2
Let w(r) = -2*r + 1. Suppose 8 = -4*x - 0*x. What is the remainder when w(x) is divided by 2?
1
Let a(b) = 7*b - 7. What is the remainder when 167 is divided by a(5)?
27
Let r = -6 - -9. Let c(k) = 4*k - 7 - 4*k + r*k. What is the remainder when 14 is divided by c(5)?
6
Let u(v) = 10*v - 3. What is the remainder when u(7) is divided by 17?
16
Suppose -11 = -3*s - 5*t, -5*s + 6*t = 3*t + 27. Let i(h) = h**2 - 4. Calculate the remainder when i(s) is divided by 2/5 + 26/10.
2
Let z(r) = 35*r**2 - 1. Let j be z(1). Suppose 0 = -3*m + m + j. What is the remainder when m is divided by 10?
7
Let i = 106 - 59. Let y = i + -25. Calculate the remainder when y is divided by 5.
2
Suppose 0 = -2*o + 4*o. Suppose -6*u + 4*u - 20 = o. Let f(a) = -2*a - 1. Calculate the remainder when f(u) is divided by 10.
9
Let m = 38 + 12. Suppose 0 = 2*o - o - 17. What is the remainder when m is divided by o?
16
Let r(c) = -2*c + 2. Let n(l) = -l + 2. Let o(y) = -7*n(y) + 6*r(y). Calculate the remainder when 66 is divided by o(-5).
20
Let z = 7 + -4. Suppose 32 - 95 = -z*c. Calculate the remainder when c is divided by 11.
10
What is the remainder when 18 is divided by 117/18 - (-1)/2?
4
Let x be (-2 - (-1 - -1)) + 7. Suppose -5*j + 10 = i - 75, -x*i + 313 = -3*j. Suppose -i - 47 = -4*u. What is the remainder when u is divided by 15?
13
Let q(u) = 21*u**3 - 3*u**2 + 3*u. Calculate the remainder when q(2) is divided by 33.
30
Suppose -197 = -2*y + 5*p, 3*p + 206 = 2*y + p. Let b = -75 + y. Calculate the remainder when b is divided by (5/10)/((-2)/(-44)).
9
Let x(h) = 29*h**2 - h. Let m(k) = -4*k + 1. Let b be m(1). Let d be (-3)/(-1) + b + 1. What is the remainder when x(d) is divided by 10?
8
Let i = -103 + 197. What is the remainder when i is divided by 24?
22
Suppose 0 = 3*u - 2*g - 206, 0 = -2*u - 3*u + g + 348. What is the remainder when u is divided by 18?
16
Let k = 11 + -11. Suppose 5*r = 0, k*r = w - 4*r - 3. Let d = 8 + -4. What is the remainder when d is divided by w?
1
Let c be (6/(-5))/((-12)/(-40)). Let k(s) = -s**3 - 4*s**2 - 4*s - 3. Calculate the remainder when 25 is divided by k(c).
12
Let o be 3/9 + 5/3. Let d(z) = 24*z**2 + z. What is the remainder when d(-1) is divided by -2*o/(-6)*12?
7
Let n(o) = 5*o + 11. Let a be n(-5). Suppose 4*r + 80 = -0*r. Let w = a - r. Calculate the remainder when w is divided by 4.
2
Calculate the remainder when (205/(-10))/(2/(-4)) is divided by 22.
19
Suppose 0 = -3*c + 5*v + 21, 2*v - 3 = -4*c - 1. Let m = c + 1. What is the remainder when 11 is divided by ((-6)/4)/(m/(-8))?
3
Let j = 25 - 14. Calculate the remainder when j is divided by 4.
3
Suppose -g - 100 = 3*g. Let c = g - -37. Calculate the remainder when 2 is divided by ((-4)/c)/(1/(-6)).
0
Let h = 2 + 2. Calculate the remainder when ((-2)/4)/(2/(-52)) is divided by h.
1
Suppose -j + 14 = j + 2*l, 2*j + 6 = 2*l. Suppose -a = 5, -31 = -2*p + 5*a - 2. Calculate the remainder when j is divided by p.
0
Let r be (0/(-3))/(3 - 2). Suppose -j - 4 + 38 = r. What is the